[INFO] cloning repository https://github.com/MordakLaMeuh/rust-custom-alloc
[INFO] running `Command { std: "git" "-c" "credential.helper=" "-c" "credential.helper=/workspace/cargo-home/bin/git-credential-null" "clone" "--bare" "https://github.com/MordakLaMeuh/rust-custom-alloc" "/workspace/cache/git-repos/https%3A%2F%2Fgithub.com%2FMordakLaMeuh%2Frust-custom-alloc", kill_on_drop: false }`
[INFO] [stderr] Cloning into bare repository '/workspace/cache/git-repos/https%3A%2F%2Fgithub.com%2FMordakLaMeuh%2Frust-custom-alloc'...
[INFO] running `Command { std: "git" "rev-parse" "HEAD", kill_on_drop: false }`
[INFO] [stdout] ed862dc4f5af940a9505752215399620ea345818
[INFO] checking MordakLaMeuh/rust-custom-alloc against master#e6e4f7ed1589e03bc2f6c5931c1a72e7947e8682 for beta-170-4
[INFO] running `Command { std: "git" "clone" "/workspace/cache/git-repos/https%3A%2F%2Fgithub.com%2FMordakLaMeuh%2Frust-custom-alloc" "/workspace/builds/worker-1-tc2/source", kill_on_drop: false }`
[INFO] [stderr] Cloning into '/workspace/builds/worker-1-tc2/source'...
[INFO] [stderr] done.
[INFO] validating manifest of git repo https://github.com/MordakLaMeuh/rust-custom-alloc on toolchain e6e4f7ed1589e03bc2f6c5931c1a72e7947e8682
[INFO] running `Command { std: CARGO_HOME="/workspace/cargo-home" RUSTUP_HOME="/workspace/rustup-home" "/workspace/cargo-home/bin/cargo" "+e6e4f7ed1589e03bc2f6c5931c1a72e7947e8682" "metadata" "--manifest-path" "Cargo.toml" "--no-deps", kill_on_drop: false }`
[INFO] started tweaking git repo https://github.com/MordakLaMeuh/rust-custom-alloc
[INFO] finished tweaking git repo https://github.com/MordakLaMeuh/rust-custom-alloc
[INFO] tweaked toml for git repo https://github.com/MordakLaMeuh/rust-custom-alloc written to /workspace/builds/worker-1-tc2/source/Cargo.toml
[INFO] crate git repo https://github.com/MordakLaMeuh/rust-custom-alloc already has a lockfile, it will not be regenerated
[INFO] running `Command { std: CARGO_HOME="/workspace/cargo-home" RUSTUP_HOME="/workspace/rustup-home" "/workspace/cargo-home/bin/cargo" "+e6e4f7ed1589e03bc2f6c5931c1a72e7947e8682" "fetch" "--manifest-path" "Cargo.toml", kill_on_drop: false }`
[INFO] running `Command { std: "docker" "create" "-v" "/var/lib/crater-agent-workspace/builds/worker-1-tc2/target:/opt/rustwide/target:rw,Z" "-v" "/var/lib/crater-agent-workspace/builds/worker-1-tc2/source:/opt/rustwide/workdir:ro,Z" "-v" "/var/lib/crater-agent-workspace/cargo-home:/opt/rustwide/cargo-home:ro,Z" "-v" "/var/lib/crater-agent-workspace/rustup-home:/opt/rustwide/rustup-home:ro,Z" "-e" "SOURCE_DIR=/opt/rustwide/workdir" "-e" "CARGO_TARGET_DIR=/opt/rustwide/target" "-e" "CARGO_HOME=/opt/rustwide/cargo-home" "-e" "RUSTUP_HOME=/opt/rustwide/rustup-home" "-w" "/opt/rustwide/workdir" "-m" "1610612736" "--user" "0:0" "--network" "none" "ghcr.io/rust-lang/crates-build-env/linux@sha256:19e73879b68f455e41552ea35293514db52ea292d993f571636dbffedb77a1ee" "/opt/rustwide/cargo-home/bin/cargo" "+e6e4f7ed1589e03bc2f6c5931c1a72e7947e8682" "metadata" "--no-deps" "--format-version=1", kill_on_drop: false }`
[INFO] [stdout] 8eaeef8eb72c4e4d014d45a94d9b39597b9ec3ede8a6106d54dae05f28c560d4
[INFO] running `Command { std: "docker" "start" "-a" "8eaeef8eb72c4e4d014d45a94d9b39597b9ec3ede8a6106d54dae05f28c560d4", kill_on_drop: false }`
[INFO] running `Command { std: "docker" "inspect" "8eaeef8eb72c4e4d014d45a94d9b39597b9ec3ede8a6106d54dae05f28c560d4", kill_on_drop: false }`
[INFO] running `Command { std: "docker" "rm" "-f" "8eaeef8eb72c4e4d014d45a94d9b39597b9ec3ede8a6106d54dae05f28c560d4", kill_on_drop: false }`
[INFO] [stdout] 8eaeef8eb72c4e4d014d45a94d9b39597b9ec3ede8a6106d54dae05f28c560d4
[INFO] running `Command { std: "docker" "create" "-v" "/var/lib/crater-agent-workspace/builds/worker-1-tc2/target:/opt/rustwide/target:rw,Z" "-v" "/var/lib/crater-agent-workspace/builds/worker-1-tc2/source:/opt/rustwide/workdir:ro,Z" "-v" "/var/lib/crater-agent-workspace/cargo-home:/opt/rustwide/cargo-home:ro,Z" "-v" "/var/lib/crater-agent-workspace/rustup-home:/opt/rustwide/rustup-home:ro,Z" "-e" "SOURCE_DIR=/opt/rustwide/workdir" "-e" "CARGO_TARGET_DIR=/opt/rustwide/target" "-e" "CARGO_INCREMENTAL=0" "-e" "RUST_BACKTRACE=full" "-e" "RUSTFLAGS=--cap-lints=forbid" "-e" "RUSTDOCFLAGS=--cap-lints=forbid" "-e" "CARGO_HOME=/opt/rustwide/cargo-home" "-e" "RUSTUP_HOME=/opt/rustwide/rustup-home" "-w" "/opt/rustwide/workdir" "-m" "1610612736" "--user" "0:0" "--network" "none" "ghcr.io/rust-lang/crates-build-env/linux@sha256:19e73879b68f455e41552ea35293514db52ea292d993f571636dbffedb77a1ee" "/opt/rustwide/cargo-home/bin/cargo" "+e6e4f7ed1589e03bc2f6c5931c1a72e7947e8682" "check" "--frozen" "--all" "--all-targets" "--message-format=json", kill_on_drop: false }`
[INFO] [stdout] 2686b270d786adc4d7324161374b0baf671827a51d02cfa960aff32599980034
[INFO] running `Command { std: "docker" "start" "-a" "2686b270d786adc4d7324161374b0baf671827a51d02cfa960aff32599980034", kill_on_drop: false }`
[INFO] [stderr]     Checking night-buddy-allocator v0.0.3-alpha (/opt/rustwide/workdir)
[INFO] [stdout] warning: the feature `generic_const_exprs` is incomplete and may not be safe to use and/or cause compiler crashes
[INFO] [stdout]   --> src/lib.rs:11:12
[INFO] [stdout]    |
[INFO] [stdout] 11 | #![feature(generic_const_exprs)]
[INFO] [stdout]    |            ^^^^^^^^^^^^^^^^^^^
[INFO] [stdout]    |
[INFO] [stdout]    = note: see issue #76560 <https://github.com/rust-lang/rust/issues/76560> for more information
[INFO] [stdout]    = note: `#[warn(incomplete_features)]` on by default
[INFO] [stdout] 
[INFO] [stdout] 
[INFO] [stdout] error[E0635]: unknown feature `const_convert`
[INFO] [stdout]  --> src/lib.rs:9:12
[INFO] [stdout]   |
[INFO] [stdout] 9 | #![feature(const_convert)] // for tests
[INFO] [stdout]   |            ^^^^^^^^^^^^^
[INFO] [stdout] 
[INFO] [stdout] 
[INFO] [stdout] error[E0412]: cannot find type `ProtectedBuddy` in this scope
[INFO] [stdout]    --> src/tests.rs:199:30
[INFO] [stdout]     |
[INFO] [stdout] 199 |     static STATIC_ALLOCATOR: ProtectedBuddy<Mutex<InnerBuddy<MIN_CELL_LEN>>, MIN_CELL_LEN> =
[INFO] [stdout]     |                              ^^^^^^^^^^^^^^ not found in this scope
[INFO] [stdout] 
[INFO] [stdout] 
[INFO] [stdout] error[E0412]: cannot find type `InnerBuddy` in this scope
[INFO] [stdout]    --> src/tests.rs:199:51
[INFO] [stdout]     |
[INFO] [stdout] 199 |     static STATIC_ALLOCATOR: ProtectedBuddy<Mutex<InnerBuddy<MIN_CELL_LEN>>, MIN_CELL_LEN> =
[INFO] [stdout]     |                                                   ^^^^^^^^^^ not found in this scope
[INFO] [stdout] 
[INFO] [stdout] 
[INFO] [stdout] warning: the feature `generic_const_exprs` is incomplete and may not be safe to use and/or cause compiler crashes
[INFO] [stdout]   --> src/lib.rs:11:12
[INFO] [stdout]    |
[INFO] [stdout] 11 | #![feature(generic_const_exprs)]
[INFO] [stdout]    |            ^^^^^^^^^^^^^^^^^^^
[INFO] [stdout]    |
[INFO] [stdout]    = note: see issue #76560 <https://github.com/rust-lang/rust/issues/76560> for more information
[INFO] [stdout]    = note: `#[warn(incomplete_features)]` on by default
[INFO] [stdout] 
[INFO] [stdout] 
[INFO] [stdout] error: aborting due to previous error; 1 warning emitted
[INFO] [stdout] 
[INFO] [stdout] 
[INFO] [stdout] For more information about this error, try `rustc --explain E0635`.
[INFO] [stdout] 
[INFO] [stdout] error[E0635]: unknown feature `const_convert`
[INFO] [stdout]  --> src/lib.rs:9:12
[INFO] [stdout]   |
[INFO] [stdout] 9 | #![feature(const_convert)] // for tests
[INFO] [stdout]   |            ^^^^^^^^^^^^^
[INFO] [stdout] 
[INFO] [stdout] 
[INFO] [stderr] error: could not compile `night-buddy-allocator` (lib) due to 2 previous errors; 1 warning emitted
[INFO] [stderr] warning: build failed, waiting for other jobs to finish...
[INFO] [stdout] error[E0433]: failed to resolve: use of undeclared type `ProtectedBuddy`
[INFO] [stdout]    --> src/tests.rs:200:9
[INFO] [stdout]     |
[INFO] [stdout] 200 |         ProtectedBuddy::new(
[INFO] [stdout]     |         ^^^^^^^^^^^^^^ use of undeclared type `ProtectedBuddy`
[INFO] [stdout] 
[INFO] [stdout] 
[INFO] [stdout] error[E0433]: failed to resolve: use of undeclared type `InnerBuddy`
[INFO] [stdout]    --> src/tests.rs:201:24
[INFO] [stdout]     |
[INFO] [stdout] 201 |             Mutex::new(InnerBuddy::<MIN_CELL_LEN>::new_from_static(unsafe {
[INFO] [stdout]     |                        ^^^^^^^^^^ use of undeclared type `InnerBuddy`
[INFO] [stdout] 
[INFO] [stdout] 
[INFO] [stdout] error[E0433]: failed to resolve: use of undeclared type `ClonableBuddy`
[INFO] [stdout]   --> src/tests.rs:17:21
[INFO] [stdout]    |
[INFO] [stdout] 17 |         let alloc = ClonableBuddy::new(Arc::new(ProtectedBuddy::new(
[INFO] [stdout]    |                     ^^^^^^^^^^^^^ use of undeclared type `ClonableBuddy`
[INFO] [stdout] 
[INFO] [stdout] 
[INFO] [stdout] error[E0433]: failed to resolve: use of undeclared type `ProtectedBuddy`
[INFO] [stdout]   --> src/tests.rs:17:49
[INFO] [stdout]    |
[INFO] [stdout] 17 |         let alloc = ClonableBuddy::new(Arc::new(ProtectedBuddy::new(
[INFO] [stdout]    |                                                 ^^^^^^^^^^^^^^ use of undeclared type `ProtectedBuddy`
[INFO] [stdout] 
[INFO] [stdout] 
[INFO] [stdout] error[E0433]: failed to resolve: use of undeclared type `InnerBuddy`
[INFO] [stdout]   --> src/tests.rs:18:24
[INFO] [stdout]    |
[INFO] [stdout] 18 |             Mutex::new(InnerBuddy::<MIN_CELL_LEN>::new_from_refs(
[INFO] [stdout]    |                        ^^^^^^^^^^ use of undeclared type `InnerBuddy`
[INFO] [stdout] 
[INFO] [stdout] 
[INFO] [stdout] error[E0433]: failed to resolve: use of undeclared type `ClonableBuddy`
[INFO] [stdout]   --> src/tests.rs:48:21
[INFO] [stdout]    |
[INFO] [stdout] 48 |         let alloc = ClonableBuddy::new(Arc::new(ProtectedBuddy::new(
[INFO] [stdout]    |                     ^^^^^^^^^^^^^ use of undeclared type `ClonableBuddy`
[INFO] [stdout] 
[INFO] [stdout] 
[INFO] [stdout] error[E0433]: failed to resolve: use of undeclared type `ProtectedBuddy`
[INFO] [stdout]   --> src/tests.rs:48:49
[INFO] [stdout]    |
[INFO] [stdout] 48 |         let alloc = ClonableBuddy::new(Arc::new(ProtectedBuddy::new(
[INFO] [stdout]    |                                                 ^^^^^^^^^^^^^^ use of undeclared type `ProtectedBuddy`
[INFO] [stdout] 
[INFO] [stdout] 
[INFO] [stdout] error[E0433]: failed to resolve: use of undeclared type `InnerBuddy`
[INFO] [stdout]   --> src/tests.rs:49:24
[INFO] [stdout]    |
[INFO] [stdout] 49 |             Mutex::new(InnerBuddy::<MIN_CELL_LEN>::new_from_refs(
[INFO] [stdout]    |                        ^^^^^^^^^^ use of undeclared type `InnerBuddy`
[INFO] [stdout] 
[INFO] [stdout] 
[INFO] [stdout] error[E0433]: failed to resolve: use of undeclared type `ClonableBuddy`
[INFO] [stdout]   --> src/tests.rs:73:21
[INFO] [stdout]    |
[INFO] [stdout] 73 |         let alloc = ClonableBuddy::new(Arc::new(ProtectedBuddy::new(
[INFO] [stdout]    |                     ^^^^^^^^^^^^^ use of undeclared type `ClonableBuddy`
[INFO] [stdout] 
[INFO] [stdout] 
[INFO] [stdout] error[E0433]: failed to resolve: use of undeclared type `ProtectedBuddy`
[INFO] [stdout]   --> src/tests.rs:73:49
[INFO] [stdout]    |
[INFO] [stdout] 73 |         let alloc = ClonableBuddy::new(Arc::new(ProtectedBuddy::new(
[INFO] [stdout]    |                                                 ^^^^^^^^^^^^^^ use of undeclared type `ProtectedBuddy`
[INFO] [stdout] 
[INFO] [stdout] 
[INFO] [stdout] error[E0433]: failed to resolve: use of undeclared type `InnerBuddy`
[INFO] [stdout]   --> src/tests.rs:74:24
[INFO] [stdout]    |
[INFO] [stdout] 74 |             Mutex::new(InnerBuddy::<{ MIN_CELL_LEN * 2 }>::new_from_refs(
[INFO] [stdout]    |                        ^^^^^^^^^^ use of undeclared type `InnerBuddy`
[INFO] [stdout] 
[INFO] [stdout] 
[INFO] [stdout] error[E0433]: failed to resolve: use of undeclared type `ClonableBuddy`
[INFO] [stdout]    --> src/tests.rs:151:25
[INFO] [stdout]     |
[INFO] [stdout] 151 |             let alloc = ClonableBuddy::new(Arc::new(ProtectedBuddy::new(
[INFO] [stdout]     |                         ^^^^^^^^^^^^^ use of undeclared type `ClonableBuddy`
[INFO] [stdout] 
[INFO] [stdout] 
[INFO] [stdout] error[E0433]: failed to resolve: use of undeclared type `ProtectedBuddy`
[INFO] [stdout]    --> src/tests.rs:151:53
[INFO] [stdout]     |
[INFO] [stdout] 151 |             let alloc = ClonableBuddy::new(Arc::new(ProtectedBuddy::new(
[INFO] [stdout]     |                                                     ^^^^^^^^^^^^^^ use of undeclared type `ProtectedBuddy`
[INFO] [stdout] 
[INFO] [stdout] 
[INFO] [stdout] error[E0433]: failed to resolve: use of undeclared type `InnerBuddy`
[INFO] [stdout]    --> src/tests.rs:152:28
[INFO] [stdout]     |
[INFO] [stdout] 152 |                 Mutex::new(InnerBuddy::<MIN_CELL_LEN>::new_from_refs(
[INFO] [stdout]     |                            ^^^^^^^^^^ use of undeclared type `InnerBuddy`
[INFO] [stdout] 
[INFO] [stdout] 
[INFO] [stdout] error[E0433]: failed to resolve: use of undeclared type `ClonableBuddy`
[INFO] [stdout]    --> src/tests.rs:175:21
[INFO] [stdout]     |
[INFO] [stdout] 175 |         let alloc = ClonableBuddy::new(Arc::new(ProtectedBuddy::new(
[INFO] [stdout]     |                     ^^^^^^^^^^^^^ use of undeclared type `ClonableBuddy`
[INFO] [stdout] 
[INFO] [stdout] 
[INFO] [stdout] error[E0433]: failed to resolve: use of undeclared type `ProtectedBuddy`
[INFO] [stdout]    --> src/tests.rs:175:49
[INFO] [stdout]     |
[INFO] [stdout] 175 |         let alloc = ClonableBuddy::new(Arc::new(ProtectedBuddy::new(
[INFO] [stdout]     |                                                 ^^^^^^^^^^^^^^ use of undeclared type `ProtectedBuddy`
[INFO] [stdout] 
[INFO] [stdout] 
[INFO] [stdout] error[E0433]: failed to resolve: use of undeclared type `InnerBuddy`
[INFO] [stdout]    --> src/tests.rs:176:24
[INFO] [stdout]     |
[INFO] [stdout] 176 |             Mutex::new(InnerBuddy::<MIN_CELL_LEN>::new_from_refs(
[INFO] [stdout]     |                        ^^^^^^^^^^ use of undeclared type `InnerBuddy`
[INFO] [stdout] 
[INFO] [stdout] 
[INFO] [stdout] error: aborting due to 20 previous errors; 1 warning emitted
[INFO] [stdout] 
[INFO] [stdout] 
[INFO] [stdout] Some errors have detailed explanations: E0412, E0433, E0635.
[INFO] [stdout] 
[INFO] [stdout] For more information about an error, try `rustc --explain E0412`.
[INFO] [stdout] 
[INFO] [stderr] error: could not compile `night-buddy-allocator` (lib test) due to 21 previous errors; 1 warning emitted
[INFO] running `Command { std: "docker" "inspect" "2686b270d786adc4d7324161374b0baf671827a51d02cfa960aff32599980034", kill_on_drop: false }`
[INFO] running `Command { std: "docker" "rm" "-f" "2686b270d786adc4d7324161374b0baf671827a51d02cfa960aff32599980034", kill_on_drop: false }`
[INFO] [stdout] 2686b270d786adc4d7324161374b0baf671827a51d02cfa960aff32599980034
